False
Is 8138830213 composite?
False
Is 24002859233 composite?
False
Is 168871801193 prime?
True
Is 706681663 a composite number?
False
Is 1011198169 composite?
True
Is 147091253 composite?
False
Is 6013048169 composite?
True
Is 278136179 composite?
True
Is 653201803 a prime number?
False
Is 3022686517 prime?
False
Is 58762483237 a composite number?
True
Is 1296234187 a prime number?
False
Is 76044641 a prime number?
False
Is 2025424789 prime?
False
Is 15116711 composite?
True
Is 3067638341 prime?
True
Is 1440234151 a composite number?
False
Is 490207410607 a composite number?
True
Is 141558338123 prime?
True
Is 7393332811 composite?
True
Is 5276026013 prime?
True
Is 83182193 a composite number?
False
Is 2797755707 a prime number?
False
Is 55403294849 prime?
False
Is 803212723 prime?
True
Is 2226448121 a composite number?
True
Is 100637549 a prime number?
True
Is 175531183 composite?
False
Is 30675843959 a prime number?
True
Is 34078317433 composite?
False
Is 10464821771 prime?
False
Is 31605633937 composite?
False
Is 51583093435 composite?
True
Is 285980767 prime?
True
Is 94917667197 a prime number?
False
Is 3508730281 a prime number?
False
Is 838702349 a composite number?
False
Is 5249549821 prime?
True
Is 201562341697 a composite number?
True
Is 1958663641 prime?
False
Is 1497487763 a composite number?
True
Is 847807001 a prime number?
False
Is 991425299 a composite number?
True
Is 764501929 prime?
True
Is 544338647 composite?
False
Is 15127340629 a composite number?
True
Is 65677347097 a composite number?
True
Is 27763215749 composite?
False
Is 7035074989 composite?
False
Is 12712486439 a composite number?
False
Is 61822055857 composite?
True
Is 1929940253 prime?
True
Is 35403137201 composite?
False
Is 71954046977 a prime number?
False
Is 3532440823 a composite number?
False
Is 547875733 a prime number?
True
Is 22020547 a composite number?
False
Is 3873114251 a composite number?
False
Is 4252010827 a composite number?
True
Is 997426687 a composite number?
True
Is 496337789 a prime number?
True
Is 2495584829 prime?
True
Is 524770247 prime?
True
Is 36548482109 a composite number?
False
Is 22537331 a composite number?
True
Is 17541205541 a prime number?
True
Is 1270850039 prime?
True
Is 797593529 a composite number?
False
Is 182343787 prime?
False
Is 11479158367 composite?
False
Is 16566129413 a prime number?
False
Is 1876872589 a composite number?
True
Is 1264453861 composite?
True
Is 468274199 prime?
False
Is 2644526629 prime?
False
Is 4763715847 composite?
True
Is 223823 prime?
True
Is 2634823733 a composite number?
False
Is 18771381497 a composite number?
True
Is 629353603 composite?
True
Is 896627791 prime?
False
Is 4915787231 prime?
True
Is 3503761979 a prime number?
False
Is 3466888483 a composite number?
True
Is 144855476015 composite?
True
Is 85013426915 prime?
False
Is 630153131 composite?
False
Is 695332819 composite?
False
Is 2788537403 prime?
False
Is 20582708557 a composite number?
False
Is 17058987983 prime?
True
Is 1439055437 a composite number?
False
Is 145484122493 a composite number?
False
Is 7089624253 a prime number?
True
Is 140699839 a prime number?
False
Is 156461327119 a prime number?
False
Is 2141119 a composite number?
True
Is 555802309 a composite number?
False
Is 31837525169 a composite number?
False
Is 28361992627 a prime number?
True
Is 932188663 prime?
False
Is 143877193 a prime number?
True
Is 84230069017 a prime number?
True
Is 919843189 a prime number?
True
Is 5955618119 a composite number?
True
Is 8122409453 a composite number?
True
Is 21228813467 a composite number?
True
Is 7408164229 a composite number?
False
Is 25304823793 a composite number?
False
Is 1805909143 prime?
False
Is 72787355371 a composite number?
False
Is 6866808583 prime?
False
Is 49594481 prime?
False
Is 421033349957 a prime number?
False
Is 569154433 a prime number?
False
Is 7172250251 composite?
False
Is 27518694641 a composite number?
True
Is 363459431 composite?
False
Is 1927260493 composite?
False
Is 21306242897 a composite number?
True
Is 90786517 prime?
False
Is 34423788019 composite?
True
Is 6581806081 composite?
False
Is 8060003267 prime?
True
Is 814938305 a composite number?
True
Is 129076169987 a prime number?
True
Is 5280054629 prime?
True
Is 7975647259 a prime number?
False
Is 32350735841 a prime number?
True
Is 850757137 a composite number?
True
Is 6330917027 a composite number?
True
Is 63592342889 a composite number?
False
Is 19739473762 a composite number?
True
Is 20017552699 a prime number?
False
Is 133402795681 composite?
True
Is 64658106698 a prime number?
False
Is 1181809507 composite?
False
Is 40039277827 composite?
False
Is 20560201903 composite?
False
Is 5088450739 composite?
False
Is 4417207373 a prime number?
True
Is 121780593149 a prime number?
False
Is 2915047441 prime?
False
Is 859791437 composite?
True
Is 1061705753 a composite number?
False
Is 9524420929 a composite number?
False
Is 46284924463 a prime number?
False
Is 19146102257 a prime number?
True
Is 7194064289 a composite number?
False
Is 1467680821 prime?
False
Is 14138887949 composite?
False
Is 75665533159 a composite number?
False
Is 15283029821 a prime number?
True
Is 111072002681 prime?
True
Is 43182208481 a prime number?
False
Is 5993751431 a prime number?
False
Is 7868361859 prime?
True
Is 34983237671 a prime number?
False
Is 3887655971 a composite number?
True
Is 1554140459 a composite number?
True
Is 99784549 a prime number?
True
Is 201135731 a composite number?
False
Is 948109147 a prime number?
False
Is 26625460907 a composite number?
False
Is 3095286919 prime?
True
Is 385058371 prime?
False
Is 62941650401 a composite number?
True
Is 19998677 a prime number?
True
Is 1098957647 prime?
True
Is 100657999709 a prime number?
False
Is 281218513 prime?
False
Is 58350161 composite?
False
Is 35953635299 prime?
True
Is 23499727023 composite?
True
Is 24394327499 prime?
True
Is 9003317663 a composite number?
False
Is 2669524547 a prime number?
True
Is 26000171287 prime?
True
Is 5878165171 composite?
False
Is 7918544419 a composite number?
False
Is 251461727 prime?
False
Is 43001866277 a prime number?
False
Is 64333169 a prime number?
False
Is 5635130603 a prime number?
False
Is 530599633 a prime number?
True
Is 4757143469 a prime number?
False
Is 979022203 prime?
True
Is 16979361403 a composite number?
False
Is 6522820511 composite?
False
Is 6645354043 prime?
False
Is 9318247 a prime number?
False
Is 19752089551 a prime number?
False
Is 2585609477 a composite number?
True
Is 685685347 a prime number?
True
Is 1644982487 prime?
True
Is 50361514997 a prime number?
False
Is 28311496291 a prime number?
False
Is 141419699 prime?
True
Is 9449662589 a prime number?
False
Is 26759020993 a prime number?
False
Is 143042411 a composite number?
False
Is 8509635247 prime?
True
Is 1791322993 a composite number?
False
Is 74128496543 composite?
True
Is 158098361 a prime number?
False
Is 13733231933 prime?
True
Is 65923581491 a composite number?
False
Is 13787216389 a prime number?
False
Is 8180437101 composite?
True
Is 1121687057 prime?
False
Is 4845582695 prime?
False
Is 146258353 composite?
False
Is 704908129 a prime number?
False
Is 3177361573 a prime number?
False
Is 2989159583 prime?
False
Is 15500488985 prime?
False
Is 464134667 a composite number?
True
Is 4903771369 composite?
True
Is 514621181 prime?
False
Is 3120540097 a composite number?
True
Is 56403675149 prime?
True
Is 7863354635 composite?
True
Is 1979807369 composite?
True
Is 872410873 a prime number?
False
Is 971632397 a prime number?
True
Is 16911575209 composite?
True
Is 44837375161 composite?
False
Is 1454019529 prime?
False
Is 4767653599 a prime number?
False
Is 254752649 a prime number?
True
Is 8172469391 prime?
False
Is 491151761 a composite number?
False
Is 2750336671 prime?
True
Is 140340301 composite?
True
Is 366196069 prime?
False
Is 21534418693 prime?
True
Is 579272831 prime?
True
Is 1113866599 composite?
False
Is 2342726179 a prime number?
True
Is 639759271 composite?
True
Is 47973421 a composite number?
False
Is 13905070363 a prime number?
True
Is 10711337194 prime?
False
Is 24382973599 prime?
True
Is 937057097 composite?
False
Is 35035864957 a composite number?
True
Is 11527650163 composit